 - 2*n - 11. What are the prime factors of c(7)?
47
Suppose -43 = 3*k + 2*d - 4408, 3*k - 4362 = -d. What are the prime factors of k?
1453
Let r = -22 + 26. Suppose r*i - 7 = 13. Let k(t) = 3*t**2 - 4*t - 4. List the prime factors of k(i).
3, 17
Let x(p) = p**3 - 4*p**2 - 5*p - 5. Let f be x(5). Let k be -2 - (0 - (3 + f)). What are the prime factors of (29/(-4) + 3)*k?
17
Let o = 24 - 18. Suppose s - o*s = -j + 59, -j + 65 = s. List the prime factors of j.
2
Suppose -2*s - 2*s = -5*o - 17, -5*o + 3*s = 14. Let m be 3 + (4 + o)/3. Suppose 2*r + 3*v - 76 = -v, -172 = -m*r - 3*v. What are the prime factors of r?
2, 23
Suppose -i = -2*i. Suppose p + p - 4*v + 2 = 0, i = -5*v + 15. Suppose -3*t + t = p*y - 56, 4*y = -2*t + 60. List the prime factors of t.
2, 19
Let o = -426 + -92. Suppose -174 = -5*s + 51. List the prime factors of 10/s - o/18.
29
Suppose -2*j + 3*t - 672 = -6*j, j + 4*t - 168 = 0. Suppose h - 4*h - j = -4*b, 2*b + h = 74. What are the prime factors of b?
3, 13
Let m(h) = h**2 + 5*h + 7. Suppose 0*t = -t + 12. Let l = t + -18. List the prime factors of m(l).
13
Let n(m) = -m**3 + 2*m + 6. Let c be n(0). Suppose c*z = -7*z + 2015. List the prime factors of z.
5, 31
What are the prime factors of (-12)/28*-7 + 707?
2, 5, 71
Let k = -1605 - -2408. What are the prime factors of k?
11, 73
Suppose -556 = -y + 3*c, -4*y + 10*c = 12*c - 2210. List the prime factors of y.
7, 79
List the prime factors of 3/(-30)*2 - 507660/(-300).
2, 3, 47
Let y(j) = -12*j**2 - 5*j + 8. Let k be y(4). Let l = k - -285. List the prime factors of l.
3
List the prime factors of (-564383)/(-289) + 8/68.
3, 7, 31
Let p(d) = -201*d + 15. List the prime factors of p(-2).
3, 139
Let k be (6 - 2)*(-1 + 2). Suppose -3*f = -k*f + 4*b, 0 = -2*b - 6. List the prime factors of 1/(-1) - f/4.
2
Let i be (18/(-12))/(9/(-48)). Suppose i*l - 635 = -51. List the prime factors of l.
73
Let a(c) = 6*c - c + 3 - 4*c. Let j be a(-9). Let r(b) = -b**2 - 9*b - 1. List the prime factors of r(j).
17
Suppose 67 = -2*h - h + 4*r, -107 = 3*h + 4*r. Let o = -45 - h. Let k = o + 55. List the prime factors of k.
3, 13
Let d(k) = k**3 + 12*k**2 + 11*k + 5. Let j be d(-11). Let w(z) = z**2 + 4*z - 16. List the prime factors of w(j).
29
Suppose 5*p = 515 + 1535. What are the prime factors of p?
2, 5, 41
Suppose 6*t = 3*c + 2*t - 1606, -c = -5*t - 528. What are the prime factors of c?
2, 269
Let d(t) = t**3 + 7*t**2 - 10*t - 7. Let o be d(-8). Suppose -o*s + 4*s - 4*m + 89 = 0, 43 = 3*s + 5*m. Let f = 46 - s. List the prime factors of f.
5
Suppose 2*u - 2*b = 702, 1369 = 4*u + b + 2*b. Suppose 4 = -4*s + 36. List the prime factors of u/s - 1/4.
43
Suppose 3*v + 19 = -5*h + v, 4*h + 16 = -2*v. Let n(u) = -u**2. Let d(w) = -4*w**2 + w + 7. Let i(q) = -d(q) + 3*n(q). What are the prime factors of i(h)?
5
Let h(c) = 7*c**3 - c**2 - 2*c + 2. Let b = -35 - -36. Let q be h(b). Let p(w) = -w**3 + 6*w**2 + 3*w - 4. What are the prime factors of p(q)?
2, 7
Suppose 224 = 2*p + 4*m, 4*p + 5*m - 219 = 2*p. List the prime factors of p.
2, 61
List the prime factors of (7889/(-7))/7*-3*1.
3, 7, 23
Let u = 105 + -98. Suppose 35 = u*v - 49. List the prime factors of v.
2, 3
Let n = -541 - -925. What are the prime factors of n?
2, 3
Let f = -386 - -673. What are the prime factors of f?
7, 41
Let g(l) = -232*l + 745. List the prime factors of g(-8).
3, 17
Let w(i) = 278*i**2 + 7*i - 13. Let p be w(2). Suppose 2*n + p = 9*n. List the prime factors of n.
3, 53
Suppose 5*o = -30 + 335. Suppose -4*d - 27 - o = 0. Let w = d - -45. What are the prime factors of w?
23
Let v = 35 + -33. Suppose -v*b = -6*b + 244. What are the prime factors of b?
61
Let h = -25 - -19. Let p = 77 - h. Let j = -40 + p. List the prime factors of j.
43
Let a be ((-6)/10)/((-7)/(-35)). Let b be 1 + 20/(5 + a). Let v = b + 3. What are the prime factors of v?
2, 7
Let u = -3858 - -8830. List the prime factors of u.
2, 11, 113
Let p(x) = -x**2 + 12*x - 8. Let f = 33 + -23. What are the prime factors of p(f)?
2, 3
Suppose 0 = 7*b - b + 66. Let r(o) be the second derivative of -o**3/6 + o**2/2 + 2*o. List the prime factors of r(b).
2, 3
Suppose 0*a + 7*a = -952. Let o = a - -162. What are the prime factors of o?
2, 13
List the prime factors of 392522/78 + 5/(-15).
2, 17, 37
Let g = -65 + 59. Let a = 41 - g. List the prime factors of a.
47
Let w(l) be the second derivative of -l**4/12 - 17*l**3/6 - 5*l**2/2 - l. Suppose 23 = -5*g - 42. List the prime factors of w(g).
47
Let q be (-5 + 5)*1/(-2). Suppose 2*l + 2*o - 98 = q, 0 = o + 3 - 0. What are the prime factors of l?
2, 13
Let a(p) be the third derivative of p**3/6 + 4*p**2. Let g(h) = -3*h + 5. Let f(y) = 5*a(y) - g(y). What are the prime factors of f(1)?
3
Suppose -1769 = 16*z - 18*z - p, -p - 4440 = -5*z. List the prime factors of z.
887
Let d(v) = -2 - 2 + 0 + 3 + 82*v. List the prime factors of d(2).
163
Let x = -4 - -6. Suppose 3*v = w + 5, 4*v + 0*v = -x*w + 10. List the prime factors of 0 - 3 - (-25 - v).
2, 3
Let j = 30 + -28. Let l be (j + -3)*1 - -65. Suppose l = 3*t - 17. List the prime factors of t.
3
Suppose -7912 - 21176 = -16*q. What are the prime factors of q?
2, 3, 101
Suppose -v - 4*v = 50. Let b(k) = k - 14. Let o be b(v). List the prime factors of (-103)/(-4) + (-6)/o.
2, 13
Let b = -143 - -179. What are the prime factors of b?
2, 3
Let j = 289 - 193. Suppose j*r + 1215 = 101*r. What are the prime factors of r?
3
Suppose -6*l + 41 = -4*l + 5*u, 4*l - 5*u - 67 = 0. Let v = l + 2. List the prime factors of v.
2, 5
Suppose 4812 = -174*g + 180*g. What are the prime factors of g?
2, 401
Let c = -99 + 105. Suppose -132 - 276 = -c*t. List the prime factors of t.
2, 17
Suppose -7*d - 2978 = -9*d + 4*r, 2*d = 3*r + 2981. List the prime factors of d.
5, 13, 23
Suppose -1815 = 88*r - 93*r. List the prime factors of r.
3, 11
Let v = -338 + 1076. List the prime factors of v.
2, 3, 41
Let a(u) = 21*u**2 - 11*u + 92. What are the prime factors of a(9)?
2, 7, 11
Suppose -2*i = -6*i - 16. What are the prime factors of 4*((-393)/i)/3?
131
Let n be (-86)/18 + (-3 - 50/(-18)). What are the prime factors of -4 + (n - -4 - -105)?
2, 5
Suppose -2*g - 5*l = -2720, -g - 53*l = -56*l - 1382. List the prime factors of g.
2, 5, 137
Suppose -f + 230 + 44 = 0. List the prime factors of f.
2, 137
Suppose 0 = -4*z + 12 + 12. Suppose z*t - 4*t = 10. Suppose -5*r + t*b - 51 = -336, 0 = -r - b + 67. What are the prime factors of r?
2, 31
Let u(x) = -x + 1. Let q be u(-8). Let i = q + -4. List the prime factors of i.
5
Suppose -37*m + 12996 = -25*m. List the prime factors of m.
3, 19
Suppose 28*b = 21*b + 2800. List the prime factors of b.
2, 5
Suppose -3*b + 5*i = -41, 0 = 7*i - 2*i - 25. Suppose -2*z = 3*r - 4*r + 19, r = 5*z + b. What are the prime factors of r?
17
Suppose 0 = 3*v + v - 4*u - 4, 4*u + 6 = 2*v. Let k be (-66)/(0/4 + v). Suppose 0*t + 2*t = k. What are the prime factors of t?
3, 11
Let s = -118 + 122. Suppose -3*a - 5 = -50. Suppose -s*n = -a - 9. List the prime factors of n.
2, 3
Let t = -481 - -777. List the prime factors of t.
2, 37
Let i(r) = 28*r + 16 - 35 - 19 + 6*r. List the prime factors of i(9).
2, 67
Let b(o) = -o - 12. Let g be b(-14). List the prime factors of 1*g*(-531)/(-36)*2.
59
Let d be -1 + 5 + 2 + 2/(-2). Suppose 2*g = 3*o - 219, 0*g = 5*o + d*g - 340. List the prime factors of o.
71
Suppose -9*l - 3667 = -18094. What are the prime factors of l?
7, 229
Let c(j) = j**3 - 14*j**2 - 34*j + 36. Let t be c(16). Suppose g = -t*w + 8*w - 40, 4*w - 5*g - 24 = 0. What are the prime factors of w?
11
Let q = 81 - 249. What are the prime factors of (-45)/(-10)*q/(-9)?
2, 3, 7
Let l = 1256 + -852. What are the prime factors of l?
2, 101
Suppose m + 15 = 9. Let z(b) = -b**2 + 3*b - 3. Let c be z(m). Let r = -13 - c. List the prime factors of r.
2, 11
Suppose 0*d + 4*d - 630 = -g, -g + 630 = 2*d. List the prime factors of g.
2, 3, 5, 7
Let n be 118 - 12 - (-1 + 5). Let x = n + -69. List the prime factors of x.
3, 11
Suppose -j - 9 = -5*v + j, -7 = v + 4*j. Let x(l) = 3*l**2 + 2*l - 3. Let i be x(v). List the prime factors of 22 - 1 - -3 - i.
2, 11
Suppose -3*g + 5*g - 8 = 0. Suppose 13*b = 16*b - 12, 0 = -4*f + 3*b - 188. Let d = g - f. List the prime factors of d.
2, 3
Suppose 3*k - 8*